f be v(-5). Let h = -228 + f. Is h a prime number?
False
Let i be (-56264)/(-18) + (-4)/(-18). Suppose 2*v + 1563 = h - v, -i = -2*h - 3*v. Suppose -3*q = -0*q - h. Is q composite?
False
Suppose 248 - 3591 = -c. Is c prime?
True
Suppose -5*i - 20 = -3*v + 4*v, -2*i - 5 = v. Is (259 - (i + 2)) + -5 composite?
False
Is 1 - (-48950)/6 - (-3)/(-9) composite?
True
Let k(j) = 3*j**2 + 16*j - 27. Let t be k(-18). Let q = t + -186. Is q a composite number?
True
Let f(v) = v**3 - 23*v**2 - 87*v - 40. Is f(51) composite?
False
Let q be ((-38)/4)/((-1)/4). Let t be 0/(3 + -7 - -5). Suppose t*y + q = 2*y. Is y composite?
False
Suppose 0 = -l + 4*y + 5145, 2*l = -y - 3*y + 10314. Is l a prime number?
True
Suppose -5*z - 6*v = -4*v + 275, -4*z + 5*v - 220 = 0. Let h = z + 184. Is h a prime number?
False
Let y(z) = -8*z**3 - 16*z**2 - 88*z + 1. Is y(-8) a prime number?
False
Suppose 291699 = 134*p - 131*p. Is p composite?
True
Suppose 8*c - 249025 - 292887 = 0. Is c a prime number?
False
Let q = -2 - 4. Let r be q*(-3 - 28/(-12)). Suppose -49 = -5*p + 4*b, 4*p = -b - r*b + 72. Is p prime?
True
Suppose 0 = -91*w - 149110 + 1220817. Is w composite?
False
Is 57822/23*(-25)/(-30) composite?
True
Suppose -r + 2*i = -5*r + 59106, 14781 = r - 4*i. Is r a prime number?
False
Let h = -1069 + 1929. Suppose -2*k + h - 66 = 0. Is k a prime number?
True
Suppose 2694 = -125*r + 131*r. Is r a composite number?
False
Let l(c) be the first derivative of 11*c**3/3 + c**2 + c + 3. Suppose 10 = 4*x + 2. Is l(x) a composite number?
True
Let j be 5 + -2 + (49 - -2). Let c = -170 + j. Let o = c + 247. Is o a prime number?
True
Suppose 2*v - 4*s - 774 = 0, -5*v + 2*s + 1311 + 600 = 0. Is v composite?
True
Let n(d) = d**2 + 12*d - 16. Let q be n(7). Let a = q + -83. Is a prime?
False
Suppose -2*t - 4*j - 72 = 0, -j = -3*t - 97 + 10. Suppose 0 = 4*u + 15 - 3. Is 20/t + (-1013)/u prime?
True
Suppose -3*j + 5*f = -97814, 163014 = 10*j - 5*j + f. Is j composite?
False
Suppose g = -5*c + 329, -g + c + 2*c + 313 = 0. Is g prime?
False
Let l be (-3)/6*-14 + -1. Suppose 0 = -n + 2*n - l. Suppose -n*v = -4*v - 1126. Is v a prime number?
True
Suppose -4 = -a + 2*j, 3*j - 72 = -4*a - a. Let o(q) = 3*q**2 - 8*q - 10. Is o(a) composite?
True
Let i = 23001 + -13018. Is i composite?
True
Suppose 7 = 2*s - 0*s - j, -3*j = -5*s + 17. Suppose -s*g = 16, 0*g = -5*d - 2*g + 777. Is d a composite number?
False
Let m(w) = -2*w**2 + 11*w - 4. Let j be m(-5). Let y = 4 - j. Is y a prime number?
True
Let a = -107 - -109. Suppose -760 = -a*d - 6*d. Is d a composite number?
True
Is (-38344)/(-6)*18/8 prime?
False
Let b(n) = 6260*n**2 + 18*n + 23. Is b(-2) a composite number?
True
Let x(s) = -s**3 + 13*s**2 + 18*s - 16. Let d be x(12). Suppose 0 = 2*k - 3*f - 295, -d - 253 = -4*k - f. Is k a composite number?
False
Suppose -244*i = -254*i + 229910. Is i a composite number?
True
Let o(y) = -18*y**3 + 8*y**2 + 15*y - 46. Is o(-11) a prime number?
False
Suppose 3*q + 5*n = -q + 7753, 5*n = 5. Is q composite?
True
Let r be 285/90 - (-2)/(-12). Let c(s) = -s + 950. Let q be c(0). Suppose r*a = -u + 637, -4*u + a - q = -3472. Is u a composite number?
False
Suppose 4*j - 96 = v - 726, 3*v + 2*j = 1820. Suppose 2*o - v = 4*l, 4*l = o - 429 + 126. Is o a prime number?
True
Suppose -t + 8 = 3*t. Let h(i) = -3*i + 18 - t + 6*i + 0. Is h(11) composite?
True
Suppose 5*r - 47713 = 30382. Is r a composite number?
False
Let y(x) = 4*x**2 - 2*x + 7355. Is y(0) a prime number?
False
Suppose 0 = -7*w + 8*w - 2*h - 4599, 4*h = -3*w + 13757. Is w prime?
True
Suppose 2*g - 12 = 5*g. Let s(x) be the third derivative of -x**6/15 - x**5/30 + 7*x**3/6 - 56*x**2 - x. Is s(g) a prime number?
True
Suppose 2*w = 4, -5*k - 3*w + 11425 = 4009. Let f = k - 841. Is f a composite number?
False
Let x(n) be the first derivative of 3*n**4/4 - 4*n**3/3 + n**2 + 2. Suppose 0 = -2*v + 6. Is x(v) a prime number?
False
Let v(r) = 825*r - 30. Let d(y) = 138*y - 5. Let t(o) = 25*d(o) - 4*v(o). Let i(j) = 3*j**3 - j. Let c be i(1). Is t(c) prime?
False
Let z = 408 + -325. Is z a composite number?
False
Suppose -75*c + 767887 = -2*c. Is c a prime number?
False
Let c = -4923 + 10144. Is c prime?
False
Suppose 9*v + 6453 = 12*v. Let k = v + -790. Is k composite?
False
Let w = -13887 + 7853. Let x be w/(-35) + 4/(-10). Suppose -x = 2*g - 3*g - 5*c, -3*c = 4*g - 739. Is g a prime number?
False
Let d(n) = n**3 - 11*n**2 - n + 14. Let r be d(11). Suppose r*g - 2*j = 163, 6*j = -4*g + 2*j + 244. Suppose -4*s + g = -47. Is s composite?
True
Suppose -2*a + 12643 = n, 0*n + 2*n + 3*a - 25283 = 0. Is n a prime number?
True
Let g(a) = -3*a**3 - 3*a**2 + a + 14. Let r(j) = -j**3 - 1. Let m(p) = g(p) + 2*r(p). Is m(-5) prime?
True
Suppose 3*h = t - 506, 0*h + 4*h + 1984 = 4*t. Is t prime?
True
Let o = -26 - -18. Is 2/o - (-3225)/20 prime?
False
Let v = -13 - -20. Let l = 108 - 19. Suppose 0 = 2*s + 2*x - 86, v*s - 5*x = 4*s + l. Is s a prime number?
False
Let b = 31 - 29. Suppose -b*n + 0*j + 838 = 2*j, -5*j = -n + 419. Is n a prime number?
True
Suppose 2*d + 3*d + 3*n = 12, 0 = -d + 3*n - 12. Suppose 0 = t - 5*s + 10, 4*s - 8 = 5*t - 0*s. Suppose d*c + k = -5*c + 710, -c + 4*k + 121 = t. Is c prime?
False
Let t(w) = -w + 10. Let k be t(11). Let u be (-2 + 4 + k)*-2. Is -1*14*11/u composite?
True
Suppose 13 = 4*j - 3. Suppose 29 = 5*r + j. Is (-3)/(-1 + 4/r) a composite number?
True
Let q(v) be the second derivative of -v**5/20 - v**4/2 - v**3/6 - 3*v**2/2 + 7*v. Let j be q(-6). Suppose -j*w = h - 871, 850 = -0*h + h - 4*w. Is h composite?
True
Let m be 4/(-6) - (-888)/9. Suppose -2*y + 5*y + 9 = 0, -4*x + 102 = -2*y. Let d = m - x. Is d a composite number?
True
Let n(h) = 15*h**2 + 2*h - 1. Let o be n(-1). Let c(b) = b**2 - 11 - 10 - 4*b + 4. Is c(o) a composite number?
False
Suppose o = -24*o + 3175. Is o a composite number?
False
Suppose -3*c - 4*n + 2751 = 0, 3*n = c - 3*c + 1834. Is c prime?
False
Suppose -71 = -o + 2*m + m, m + 173 = 3*o. Suppose 0 = -57*t + o*t + 917. Is t a prime number?
False
Let t(u) = 7*u**2 - 2*u + 18. Is t(-5) prime?
False
Let r(g) be the second derivative of 519*g**4/4 - 2*g**3/3 - g**2 + g. Is r(-1) prime?
True
Let o(z) = 23*z - 2. Let x be o(1). Let g be ((-5)/3)/((-7)/x). Suppose -2 + 0 = k, m + g*k = 4. Is m a prime number?
False
Let w be 3/(-6)*(0 + 2). Is ((-5)/((-20)/(-1492)))/w prime?
True
Suppose -2*b + 3*b - 32 = 0. Let j be (-2)/4*b/8. Is (-10 + 9)/(j/178) composite?
False
Let t(k) = -25*k - 25. Let f be t(-13). Suppose 5*m = f + 445. Is m prime?
True
Suppose -p - 108338 = -20*p. Is p a prime number?
False
Let y be (-6 - (1 - 0)) + 1. Suppose -r - a - 62 = 0, -210 = 3*r - 7*a + 2*a. Let h = y - r. Is h composite?
False
Suppose -9*s - 7 = -52. Suppose 5*o + y - 9006 = 0, 4*y - 13929 + 4920 = -s*o. Is o composite?
False
Let n(d) = -d**2 - 8*d + 12. Let g be n(-9). Let a(s) = s - 3. Let t be a(g). Suppose -2*o - 407 = -5*p, -2*p - 2*p + 5*o + 312 = t. Is p composite?
False
Let f(m) = m**3 - 4*m + 1. Let d be f(3). Suppose 8*i + d = -0*i. Is i/4*-2*505 a composite number?
True
Let l(u) = -251*u**3 - u**2 - 5*u + 6. Let q be l(1). Let v = q + 1914. Is v prime?
True
Let g be 4/(-6) - (-23)/3. Suppose 108*b - 284 = 580. Suppose 0 = g*l - b*l + 263. Is l prime?
True
Let t = -48359 + 75532. Is t a prime number?
False
Let x = -4262 - -13881. Is x composite?
False
Let d = -1 + 0. Let x = -1398 + 1394. Is 23*6 - x - d composite?
True
Let a = -3 - 0. Let i(g) be the first derivative of -5*g**4/4 - 5*g**3/3 - g**2/2 + 4*g - 16. Is i(a) a prime number?
True
Let z = 29231 - 13102. Is z a prime number?
False
Let l(x) = -2*x**3 + x**2 - x + 1. Suppose -3*n - 17 = 2*v, 5*v - 1 - 2 = -n. Is l(n) a prime number?
True
Let d = -276 + 110. Let m = d - -300. Suppose -m + 482 = 4*c. Is c a composite number?
True
Suppose 12*r - 3*m - 64686 = 9*r, 5*m = 3*r - 64696. Is r prime?
True
Suppose 17 + 13 = 5*y. Let a(c) = 3 - 6 + y*c - 22*c + 123*c. Is a(2) composite?
False
Suppose 14*u + 5800 - 21718 = 0. Is u prime?
False
Suppose -2*o + 1 + 7 = 0. Suppose 2*a + 6910 = -4*p + a, o*p + 2*a = -6912. Is p/(-22) - (-2)/4 composite?
False
Let z = 169 - -64. Suppose 2*n = -3*n + 15. Suppose 95 - z = -n*o. Is o composite?
True
Let o(n) = -n**3 + n**2 + 1. Let p(y